{"id":1446,"date":"2023-01-03T09:28:22","date_gmt":"2023-01-03T09:28:22","guid":{"rendered":"https:\/\/www.solexbiene.ch\/?post_type=product&#038;p=1446"},"modified":"2024-03-14T11:53:53","modified_gmt":"2024-03-14T11:53:53","slug":"lichtspule-6v-10va-gebraucht","status":"publish","type":"product","link":"https:\/\/www.solexbiene.ch\/produkt\/lichtspule-6v-10va-gebraucht\/","title":{"rendered":"Lichtspule 6V 10VA gebraucht"},"content":{"rendered":"","protected":false},"excerpt":{"rendered":"<p>Lichtspule 6V 10VA gebraucht wird f\u00fcr die Modelle verwendet mit der Lampe am Motor<\/p>\n<p>Vorne eine 6V Birne und hinten 14V<\/p>\n","protected":false},"featured_media":1436,"comment_status":"open","ping_status":"closed","template":"","meta":[],"product_brand":[],"product_cat":[35],"product_tag":[],"class_list":{"0":"post-1446","1":"product","2":"type-product","3":"status-publish","4":"has-post-thumbnail","6":"product_cat-rotor-zuendung","8":"first","9":"instock","10":"shipping-taxable","11":"purchasable","12":"product-type-simple"},"blog_post_layout_featured_media_urls":{"thumbnail":["https:\/\/i0.wp.com\/www.solexbiene.ch\/wp-content\/uploads\/2023\/01\/Lichtspule-6V-6W-scaled.jpg?resize=150%2C150&ssl=1",150,150,true],"full":["https:\/\/i0.wp.com\/www.solexbiene.ch\/wp-content\/uploads\/2023\/01\/Lichtspule-6V-6W-scaled.jpg?fit=1920%2C2560&ssl=1",1920,2560,false]},"categories":null,"categories_names":null,"comments_number":"0","jetpack-related-posts":[{"id":1447,"url":"https:\/\/www.solexbiene.ch\/produkt\/lichtspule-6v-17va-gebraucht\/","url_meta":{"origin":1446,"position":0},"title":"Lichtspule 6V 17VA gebraucht","author":"Marco","date":"Januar 3, 2023","format":false,"excerpt":"Lichtspule 6V 17VA gebraucht wird f\u00fcr Modelle verwendet mit Lampe am Lenker","rel":"","context":"\u00c4hnlicher Beitrag","block_context":{"text":"\u00c4hnlicher Beitrag","link":""},"img":{"alt_text":"","src":"https:\/\/i0.wp.com\/www.solexbiene.ch\/wp-content\/uploads\/2023\/01\/Lichtspule-6V-15W-scaled.jpg?fit=900%2C1200&ssl=1&resize=350%2C200","width":350,"height":200,"srcset":"https:\/\/i0.wp.com\/www.solexbiene.ch\/wp-content\/uploads\/2023\/01\/Lichtspule-6V-15W-scaled.jpg?fit=900%2C1200&ssl=1&resize=350%2C200 1x, https:\/\/i0.wp.com\/www.solexbiene.ch\/wp-content\/uploads\/2023\/01\/Lichtspule-6V-15W-scaled.jpg?fit=900%2C1200&ssl=1&resize=525%2C300 1.5x, https:\/\/i0.wp.com\/www.solexbiene.ch\/wp-content\/uploads\/2023\/01\/Lichtspule-6V-15W-scaled.jpg?fit=900%2C1200&ssl=1&resize=700%2C400 2x"},"classes":[]},{"id":1016,"url":"https:\/\/www.solexbiene.ch\/produkt\/birne-vorne-weiss-6v\/","url_meta":{"origin":1446,"position":1},"title":"Birne vorne weiss 6V","author":"Michael Waehli","date":"Dezember 15, 2022","format":false,"excerpt":"","rel":"","context":"\u00c4hnlicher Beitrag","block_context":{"text":"\u00c4hnlicher Beitrag","link":""},"img":{"alt_text":"","src":"https:\/\/i0.wp.com\/www.solexbiene.ch\/wp-content\/uploads\/2022\/12\/Birne-weiss.jpg?fit=771%2C1028&ssl=1&resize=350%2C200","width":350,"height":200,"srcset":"https:\/\/i0.wp.com\/www.solexbiene.ch\/wp-content\/uploads\/2022\/12\/Birne-weiss.jpg?fit=771%2C1028&ssl=1&resize=350%2C200 1x, https:\/\/i0.wp.com\/www.solexbiene.ch\/wp-content\/uploads\/2022\/12\/Birne-weiss.jpg?fit=771%2C1028&ssl=1&resize=525%2C300 1.5x, https:\/\/i0.wp.com\/www.solexbiene.ch\/wp-content\/uploads\/2022\/12\/Birne-weiss.jpg?fit=771%2C1028&ssl=1&resize=700%2C400 2x"},"classes":[]},{"id":1018,"url":"https:\/\/www.solexbiene.ch\/produkt\/birne-6v-gelb\/","url_meta":{"origin":1446,"position":2},"title":"Birne 6V gelb","author":"Marco","date":"Dezember 16, 2022","format":false,"excerpt":"","rel":"","context":"\u00c4hnlicher Beitrag","block_context":{"text":"\u00c4hnlicher Beitrag","link":""},"img":{"alt_text":"","src":"https:\/\/i0.wp.com\/www.solexbiene.ch\/wp-content\/uploads\/2022\/12\/Birne-gelb.jpg?fit=771%2C1028&ssl=1&resize=350%2C200","width":350,"height":200,"srcset":"https:\/\/i0.wp.com\/www.solexbiene.ch\/wp-content\/uploads\/2022\/12\/Birne-gelb.jpg?fit=771%2C1028&ssl=1&resize=350%2C200 1x, https:\/\/i0.wp.com\/www.solexbiene.ch\/wp-content\/uploads\/2022\/12\/Birne-gelb.jpg?fit=771%2C1028&ssl=1&resize=525%2C300 1.5x, https:\/\/i0.wp.com\/www.solexbiene.ch\/wp-content\/uploads\/2022\/12\/Birne-gelb.jpg?fit=771%2C1028&ssl=1&resize=700%2C400 2x"},"classes":[]},{"id":1017,"url":"https:\/\/www.solexbiene.ch\/produkt\/birne-gross-6v-15w\/","url_meta":{"origin":1446,"position":3},"title":"Birne gross 6V 15W","author":"Michael Waehli","date":"Dezember 15, 2022","format":false,"excerpt":"","rel":"","context":"\u00c4hnlicher Beitrag","block_context":{"text":"\u00c4hnlicher Beitrag","link":""},"img":{"alt_text":"","src":"https:\/\/i0.wp.com\/www.solexbiene.ch\/wp-content\/uploads\/2022\/12\/Birne-gross.jpg?fit=771%2C1028&ssl=1&resize=350%2C200","width":350,"height":200,"srcset":"https:\/\/i0.wp.com\/www.solexbiene.ch\/wp-content\/uploads\/2022\/12\/Birne-gross.jpg?fit=771%2C1028&ssl=1&resize=350%2C200 1x, https:\/\/i0.wp.com\/www.solexbiene.ch\/wp-content\/uploads\/2022\/12\/Birne-gross.jpg?fit=771%2C1028&ssl=1&resize=525%2C300 1.5x, https:\/\/i0.wp.com\/www.solexbiene.ch\/wp-content\/uploads\/2022\/12\/Birne-gross.jpg?fit=771%2C1028&ssl=1&resize=700%2C400 2x"},"classes":[]},{"id":1533,"url":"https:\/\/www.solexbiene.ch\/produkt\/deko-komplet\/","url_meta":{"origin":1446,"position":4},"title":"Deko komplet","author":"Marco","date":"Januar 17, 2023","format":false,"excerpt":"Deko Komplet f\u00fcr diverse Modelle. Es sind zum gebrauchte aber in Top Zustand","rel":"","context":"\u00c4hnlicher Beitrag","block_context":{"text":"\u00c4hnlicher Beitrag","link":""},"img":{"alt_text":"","src":"https:\/\/i0.wp.com\/www.solexbiene.ch\/wp-content\/uploads\/2023\/01\/Deko-komplet-scaled.jpg?fit=900%2C1200&ssl=1&resize=350%2C200","width":350,"height":200,"srcset":"https:\/\/i0.wp.com\/www.solexbiene.ch\/wp-content\/uploads\/2023\/01\/Deko-komplet-scaled.jpg?fit=900%2C1200&ssl=1&resize=350%2C200 1x, https:\/\/i0.wp.com\/www.solexbiene.ch\/wp-content\/uploads\/2023\/01\/Deko-komplet-scaled.jpg?fit=900%2C1200&ssl=1&resize=525%2C300 1.5x, https:\/\/i0.wp.com\/www.solexbiene.ch\/wp-content\/uploads\/2023\/01\/Deko-komplet-scaled.jpg?fit=900%2C1200&ssl=1&resize=700%2C400 2x"},"classes":[]},{"id":1015,"url":"https:\/\/www.solexbiene.ch\/produkt\/birne-hinten-14v\/","url_meta":{"origin":1446,"position":5},"title":"Birne hinten 14V","author":"Michael Waehli","date":"Dezember 15, 2022","format":false,"excerpt":"","rel":"","context":"\u00c4hnlicher Beitrag","block_context":{"text":"\u00c4hnlicher Beitrag","link":""},"img":{"alt_text":"","src":"https:\/\/i0.wp.com\/www.solexbiene.ch\/wp-content\/uploads\/2022\/12\/Birne-weiss.jpg?fit=771%2C1028&ssl=1&resize=350%2C200","width":350,"height":200,"srcset":"https:\/\/i0.wp.com\/www.solexbiene.ch\/wp-content\/uploads\/2022\/12\/Birne-weiss.jpg?fit=771%2C1028&ssl=1&resize=350%2C200 1x, https:\/\/i0.wp.com\/www.solexbiene.ch\/wp-content\/uploads\/2022\/12\/Birne-weiss.jpg?fit=771%2C1028&ssl=1&resize=525%2C300 1.5x, https:\/\/i0.wp.com\/www.solexbiene.ch\/wp-content\/uploads\/2022\/12\/Birne-weiss.jpg?fit=771%2C1028&ssl=1&resize=700%2C400 2x"},"classes":[]}],"jetpack_sharing_enabled":true,"_links":{"self":[{"href":"https:\/\/www.solexbiene.ch\/wp-json\/wp\/v2\/product\/1446","targetHints":{"allow":["GET"]}}],"collection":[{"href":"https:\/\/www.solexbiene.ch\/wp-json\/wp\/v2\/product"}],"about":[{"href":"https:\/\/www.solexbiene.ch\/wp-json\/wp\/v2\/types\/product"}],"replies":[{"embeddable":true,"href":"https:\/\/www.solexbiene.ch\/wp-json\/wp\/v2\/comments?post=1446"}],"wp:featuredmedia":[{"embeddable":true,"href":"https:\/\/www.solexbiene.ch\/wp-json\/wp\/v2\/media\/1436"}],"wp:attachment":[{"href":"https:\/\/www.solexbiene.ch\/wp-json\/wp\/v2\/media?parent=1446"}],"wp:term":[{"taxonomy":"product_brand","embeddable":true,"href":"https:\/\/www.solexbiene.ch\/wp-json\/wp\/v2\/product_brand?post=1446"},{"taxonomy":"product_cat","embeddable":true,"href":"https:\/\/www.solexbiene.ch\/wp-json\/wp\/v2\/product_cat?post=1446"},{"taxonomy":"product_tag","embeddable":true,"href":"https:\/\/www.solexbiene.ch\/wp-json\/wp\/v2\/product_tag?post=1446"}],"curies":[{"name":"wp","href":"https:\/\/api.w.org\/{rel}","templated":true}]}}